{"id":144,"date":"2018-07-22T12:50:06","date_gmt":"2018-07-22T10:50:06","guid":{"rendered":"https:\/\/localhost\/?page_id=144"},"modified":"2026-03-09T15:42:18","modified_gmt":"2026-03-09T14:42:18","slug":"mitgliedschaft","status":"publish","type":"page","link":"https:\/\/www.rosenheimer-schwimmer.de\/?page_id=144","title":{"rendered":"Mitgliedschaft &#8211; Beitr\u00e4ge"},"content":{"rendered":"<h3>Mitgliedschaft<\/h3>\n<p>Beitrittsformulare sind bei unseren \u00dcbungsleitern oder unter Downloads erh\u00e4ltlich.<\/p>\n<p>Weitere Informationen k\u00f6nnt ihr dem&nbsp;<a href=\"http:\/\/www.rosenheimer-schwimmer.de\/wp-content\/uploads\/2026\/02\/merkblatt.pdf\">Merkblatt zur Mitgliedschaft<\/a> entnehmen.<\/p>\n<p>&nbsp;<\/p>\n<h3>Beitr\u00e4ge (ab 1. Januar 2017)<\/h3>\n<p><strong>Grundbeitrag:<\/strong> 180,- \u20ac \/ Jahr<br \/>\nf\u00fcr alle Schwimmer (Kinder und Erwachsene)<\/p>\n<p><strong>zus\u00e4tzliche Beitr\u00e4ge<\/strong> f\u00fcr die Leistungsgruppen<br \/>\nLG 1: 150,- \u20ac \/ Jahr<br \/>\nLG 2: 120,- \u20ac \/ Jahr<\/p>\n<p>Mitgliedsbeitr\u00e4ge werden ausschlie\u00dflich per Lastschrift eingezogen!<\/p>\n<p>&nbsp;<\/p>\n<h3>Vereinsaustritt<\/h3>\n<p>Eine K\u00fcndigung ist ausschlie\u00dflich zum Ende eines jeden Jahres m\u00f6glich. Er hat schriftlich bis<br \/>\nsp\u00e4testens 30.11. an die Mitgliederverwaltung der Schwimmabteilung des<\/p>\n<p>TSV 1860 Rosenheim e.V.<br \/>\nJahnstra\u00dfe 25<br \/>\n83022 Rosenheim<\/p>\n<p>zu erfolgen, am besten jedoch per <a href=\"mailto:mitglieder@rosenheimer-schwimmer.de\">E-Mail<\/a>.<\/p>\n<p>&nbsp;<\/p>\n<h4>Noch weitere Fragen zur Mitgliedschaft?<\/h4>\n<p>Dann wende Dich an <a href=\"mailto:mitglieder@rosenheimer-schwimmer.de\">Bety Lechertshuber<\/a><\/p>\n","protected":false},"excerpt":{"rendered":"<p>Mitgliedschaft Beitrittsformulare sind bei unseren \u00dcbungsleitern oder unter Downloads erh\u00e4ltlich. Weitere Informationen k\u00f6nnt ihr dem&nbsp;Merkblatt zur Mitgliedschaft entnehmen. &nbsp; Beitr\u00e4ge (ab 1. Januar 2017) Grundbeitrag: 180,- \u20ac \/ Jahr f\u00fcr alle Schwimmer (Kinder und Erwachsene) zus\u00e4tzliche Beitr\u00e4ge f\u00fcr die Leistungsgruppen LG 1: 150,- \u20ac \/ Jahr LG 2: 120,- \u20ac \/ Jahr Mitgliedsbeitr\u00e4ge werden ausschlie\u00dflich [&hellip;]<\/p>\n","protected":false},"author":1,"featured_media":0,"parent":0,"menu_order":0,"comment_status":"closed","ping_status":"closed","template":"","meta":{"ngg_post_thumbnail":0,"ocean_post_layout":"full-width","ocean_both_sidebars_style":"","ocean_both_sidebars_content_width":0,"ocean_both_sidebars_sidebars_width":0,"ocean_sidebar":"0","ocean_second_sidebar":"0","ocean_disable_margins":"enable","ocean_add_body_class":"","ocean_shortcode_before_top_bar":"","ocean_shortcode_after_top_bar":"","ocean_shortcode_before_header":"","ocean_shortcode_after_header":"","ocean_has_shortcode":"","ocean_shortcode_after_title":"","ocean_shortcode_before_footer_widgets":"","ocean_shortcode_after_footer_widgets":"","ocean_shortcode_before_footer_bottom":"","ocean_shortcode_after_footer_bottom":"","ocean_display_top_bar":"default","ocean_display_header":"default","ocean_header_style":"","ocean_center_header_left_menu":"0","ocean_custom_header_template":"0","ocean_custom_logo":0,"ocean_custom_retina_logo":0,"ocean_custom_logo_max_width":0,"ocean_custom_logo_tablet_max_width":0,"ocean_custom_logo_mobile_max_width":0,"ocean_custom_logo_max_height":0,"ocean_custom_logo_tablet_max_height":0,"ocean_custom_logo_mobile_max_height":0,"ocean_header_custom_menu":"0","ocean_menu_typo_font_family":"0","ocean_menu_typo_font_subset":"","ocean_menu_typo_font_size":0,"ocean_menu_typo_font_size_tablet":0,"ocean_menu_typo_font_size_mobile":0,"ocean_menu_typo_font_size_unit":"px","ocean_menu_typo_font_weight":"","ocean_menu_typo_font_weight_tablet":"","ocean_menu_typo_font_weight_mobile":"","ocean_menu_typo_transform":"","ocean_menu_typo_transform_tablet":"","ocean_menu_typo_transform_mobile":"","ocean_menu_typo_line_height":0,"ocean_menu_typo_line_height_tablet":0,"ocean_menu_typo_line_height_mobile":0,"ocean_menu_typo_line_height_unit":"","ocean_menu_typo_spacing":0,"ocean_menu_typo_spacing_tablet":0,"ocean_menu_typo_spacing_mobile":0,"ocean_menu_typo_spacing_unit":"","ocean_menu_link_color":"","ocean_menu_link_color_hover":"","ocean_menu_link_color_active":"","ocean_menu_link_background":"","ocean_menu_link_hover_background":"","ocean_menu_link_active_background":"","ocean_menu_social_links_bg":"","ocean_menu_social_hover_links_bg":"","ocean_menu_social_links_color":"","ocean_menu_social_hover_links_color":"","ocean_disable_title":"default","ocean_disable_heading":"default","ocean_post_title":"","ocean_post_subheading":"","ocean_post_title_style":"","ocean_post_title_background_color":"","ocean_post_title_background":0,"ocean_post_title_bg_image_position":"","ocean_post_title_bg_image_attachment":"","ocean_post_title_bg_image_repeat":"","ocean_post_title_bg_image_size":"","ocean_post_title_height":0,"ocean_post_title_bg_overlay":0.5,"ocean_post_title_bg_overlay_color":"","ocean_disable_breadcrumbs":"default","ocean_breadcrumbs_color":"","ocean_breadcrumbs_separator_color":"","ocean_breadcrumbs_links_color":"","ocean_breadcrumbs_links_hover_color":"","ocean_display_footer_widgets":"default","ocean_display_footer_bottom":"default","ocean_custom_footer_template":"0","footnotes":""},"_links":{"self":[{"href":"https:\/\/www.rosenheimer-schwimmer.de\/index.php?rest_route=\/wp\/v2\/pages\/144"}],"collection":[{"href":"https:\/\/www.rosenheimer-schwimmer.de\/index.php?rest_route=\/wp\/v2\/pages"}],"about":[{"href":"https:\/\/www.rosenheimer-schwimmer.de\/index.php?rest_route=\/wp\/v2\/types\/page"}],"author":[{"embeddable":true,"href":"https:\/\/www.rosenheimer-schwimmer.de\/index.php?rest_route=\/wp\/v2\/users\/1"}],"replies":[{"embeddable":true,"href":"https:\/\/www.rosenheimer-schwimmer.de\/index.php?rest_route=%2Fwp%2Fv2%2Fcomments&post=144"}],"version-history":[{"count":39,"href":"https:\/\/www.rosenheimer-schwimmer.de\/index.php?rest_route=\/wp\/v2\/pages\/144\/revisions"}],"predecessor-version":[{"id":3845,"href":"https:\/\/www.rosenheimer-schwimmer.de\/index.php?rest_route=\/wp\/v2\/pages\/144\/revisions\/3845"}],"wp:attachment":[{"href":"https:\/\/www.rosenheimer-schwimmer.de\/index.php?rest_route=%2Fwp%2Fv2%2Fmedia&parent=144"}],"curies":[{"name":"wp","href":"https:\/\/api.w.org\/{rel}","templated":true}]}}